{"id":470,"date":"2021-04-18T16:01:51","date_gmt":"2021-04-18T16:01:51","guid":{"rendered":"https:\/\/stoerpegel.de\/?page_id=470"},"modified":"2021-04-18T16:01:51","modified_gmt":"2021-04-18T16:01:51","slug":"reha","status":"publish","type":"page","link":"https:\/\/stoerpegel.de\/index.php\/reha\/","title":{"rendered":"Reha"},"content":{"rendered":"\n<p>Um eine Reha musste ich k\u00e4mpfen. Schlie\u00dflich wurde ja auch die Diagnose Tibiakopffraktur nach dem ersten Attentat von dem Hospital nicht erw\u00e4hnt, w\u00e4re damit ein klarer Fall von Anschlussreha nach der Op. Also versuche ich den Weg zur Behandlung der PTBS. Mein damaliger Hausarzt stimmt dem Rehaantrag widerwillig zu und ich gebe die Antragsunterlagen auf den Weg.<\/p>\n\n\n\n<p>Die vorgeschlagene Klinik sagt mir von dem Konzept nicht zu. Daher suche ich mir eine aus, die auf PTBS spezialisiert ist. Ich bekomme einen Fragebogen von denen zugeschickt, den ich zur\u00fccksende. Daraufhin ruft mich ein Arzt der Sch\u00f6n-Klinik an und teilt mir mit, dass meine PTBS f\u00fcr die zu ausgepr\u00e4gt sei, ich solle doch eine andere Reha-Klinik suchen. Einverstanden bin ich damit \u00fcberhaupt nicht, aber sollte man sich per Widerspruch in eine Klinik begeben, der das Thema Polizeigewalt aus Opfersicht nicht zusagt?<\/p>\n\n\n\n<p>Also rufe ich bei der Rentenversicherung an und schildere die Situation. Darauf wird mir eine weitere Klinik zugewiesen. Zwischenzeitlich wurde (von wem?) die Diagnose von PTBS (psychisch) auf psychosomatisch umgestellt und eine entsprechende Klinik angeboten. F\u00fcr die ist dann die PTBS also nicht zu ausgepr\u00e4gt? Und die bestehenden, unbehandelten Verletzungen k\u00f6nnen dort geheilt werden? Eher nicht, aber bin gespannt.<\/p>\n\n\n\n<p>Dieser ganze Vorgang hat \u00fcber 15 Monate gedauert&#8230;<\/p>\n","protected":false},"excerpt":{"rendered":"<p>Um eine Reha musste ich k\u00e4mpfen. Schlie\u00dflich wurde ja auch die Diagnose Tibiakopffraktur nach dem ersten Attentat von dem Hospital nicht erw\u00e4hnt, w\u00e4re damit ein klarer Fall von Anschlussreha nach der Op. Also versuche ich den Weg zur Behandlung der PTBS. Mein damaliger Hausarzt stimmt dem Rehaantrag widerwillig zu und ich gebe die Antragsunterlagen auf [&hellip;]<\/p>\n","protected":false},"author":1,"featured_media":0,"parent":0,"menu_order":0,"comment_status":"closed","ping_status":"closed","template":"","meta":{"footnotes":""},"class_list":["post-470","page","type-page","status-publish","hentry","wpbf-post"],"_links":{"self":[{"href":"https:\/\/stoerpegel.de\/index.php\/wp-json\/wp\/v2\/pages\/470","targetHints":{"allow":["GET"]}}],"collection":[{"href":"https:\/\/stoerpegel.de\/index.php\/wp-json\/wp\/v2\/pages"}],"about":[{"href":"https:\/\/stoerpegel.de\/index.php\/wp-json\/wp\/v2\/types\/page"}],"author":[{"embeddable":true,"href":"https:\/\/stoerpegel.de\/index.php\/wp-json\/wp\/v2\/users\/1"}],"replies":[{"embeddable":true,"href":"https:\/\/stoerpegel.de\/index.php\/wp-json\/wp\/v2\/comments?post=470"}],"version-history":[{"count":1,"href":"https:\/\/stoerpegel.de\/index.php\/wp-json\/wp\/v2\/pages\/470\/revisions"}],"predecessor-version":[{"id":471,"href":"https:\/\/stoerpegel.de\/index.php\/wp-json\/wp\/v2\/pages\/470\/revisions\/471"}],"wp:attachment":[{"href":"https:\/\/stoerpegel.de\/index.php\/wp-json\/wp\/v2\/media?parent=470"}],"curies":[{"name":"wp","href":"https:\/\/api.w.org\/{rel}","templated":true}]}}