{"id":420,"date":"2021-04-18T13:40:02","date_gmt":"2021-04-18T13:40:02","guid":{"rendered":"https:\/\/stoerpegel.de\/?page_id=420"},"modified":"2021-04-18T13:50:49","modified_gmt":"2021-04-18T13:50:49","slug":"krankenkasse-kassenaerztliche-vereinigung-aerztekammer","status":"publish","type":"page","link":"https:\/\/stoerpegel.de\/index.php\/krankenkasse-kassenaerztliche-vereinigung-aerztekammer\/","title":{"rendered":"Krankenkasse, Kassen\u00e4rztliche Vereinigung, \u00c4rztekammer"},"content":{"rendered":"\n<p>Behandlungsverweigerung, Behandlungsfehler, Weigerung zur Diagnostik, medizinisches Gutachten.<\/p>\n\n\n\n<p>Ich wende mich zu diesen Themen an meine Krankenkasse, aber die verweisen mich an den Teledoktor.<\/p>\n\n\n\n<p>Es soll mich ein Facharzt (Orthop\u00e4de) zur\u00fcckrufen, es ist jedoch ein Arzt f\u00fcr Allgemeinmedizin, der sagt, er arbeite nicht f\u00fcr die Krankenkasse und k\u00f6nne daher auch nichts veranlassen. Ich m\u00fcsse mit den \u00c4rzten vor Ort arbeiten oder mir \u00fcber das Portal andere \u00c4rzte suchen.<\/p>\n\n\n\n<p>Nochmals rufe ich bei der Krankenkasse an. Diesmal nimmt sich jemand etwas mehr Zeit, ist erstaunt, aber kann mich auch nur an die \u00c4rztekammer verweisen.<\/p>\n\n\n\n<p>\u00c4rztekammer verweist mich an die Kassen\u00e4rztliche Vereinigung.<\/p>\n\n\n\n<p>K\u00c4V verweist mich an die Krankenkasse.<\/p>\n\n\n\n<p>Ich rufe nochmal bei der Krankenkasse an und schildere meine \u201eKreiskommunikation\u201c: \u201eich fahre sogar nach W., wenn erforderlich, um zum MdK zu kommen und eine Begutachtung vorzunehmen oder auch zu jeder unabh\u00e4ngigen genauen Diagnostik zu einem Arzt, egal wo\u201c.<\/p>\n\n\n\n<p>\u201eDas ist aber ungew\u00f6hnlich, das ein Kunde dieses einfordert. Der MdK wird nur selbst\u00e4ndig t\u00e4tig, das k\u00f6nnen Sie nicht einfordern. Da kann ich oder Sie keinen Einfluss drauf nehmen.\u201c<\/p>\n\n\n\n<p>Oder nennen Sie mir einen vertrauensw\u00fcrdigen Arzt in diesem Zusammenhang.<\/p>\n\n\n\n<p>\u201eDas kann ich nicht tun\u201c<\/p>\n\n\n\n<p>Aber die Problematik haben Sie verstanden?<\/p>\n\n\n\n<p>\u2026<\/p>\n","protected":false},"excerpt":{"rendered":"<p>Behandlungsverweigerung, Behandlungsfehler, Weigerung zur Diagnostik, medizinisches Gutachten. Ich wende mich zu diesen Themen an meine Krankenkasse, aber die verweisen mich an den Teledoktor. Es soll mich ein Facharzt (Orthop\u00e4de) zur\u00fcckrufen, es ist jedoch ein Arzt f\u00fcr Allgemeinmedizin, der sagt, er arbeite nicht f\u00fcr die Krankenkasse und k\u00f6nne daher auch nichts veranlassen. Ich m\u00fcsse mit den [&hellip;]<\/p>\n","protected":false},"author":1,"featured_media":0,"parent":0,"menu_order":0,"comment_status":"closed","ping_status":"closed","template":"","meta":{"footnotes":""},"class_list":["post-420","page","type-page","status-publish","hentry","wpbf-post"],"_links":{"self":[{"href":"https:\/\/stoerpegel.de\/index.php\/wp-json\/wp\/v2\/pages\/420","targetHints":{"allow":["GET"]}}],"collection":[{"href":"https:\/\/stoerpegel.de\/index.php\/wp-json\/wp\/v2\/pages"}],"about":[{"href":"https:\/\/stoerpegel.de\/index.php\/wp-json\/wp\/v2\/types\/page"}],"author":[{"embeddable":true,"href":"https:\/\/stoerpegel.de\/index.php\/wp-json\/wp\/v2\/users\/1"}],"replies":[{"embeddable":true,"href":"https:\/\/stoerpegel.de\/index.php\/wp-json\/wp\/v2\/comments?post=420"}],"version-history":[{"count":2,"href":"https:\/\/stoerpegel.de\/index.php\/wp-json\/wp\/v2\/pages\/420\/revisions"}],"predecessor-version":[{"id":449,"href":"https:\/\/stoerpegel.de\/index.php\/wp-json\/wp\/v2\/pages\/420\/revisions\/449"}],"wp:attachment":[{"href":"https:\/\/stoerpegel.de\/index.php\/wp-json\/wp\/v2\/media?parent=420"}],"curies":[{"name":"wp","href":"https:\/\/api.w.org\/{rel}","templated":true}]}}