{"id":1371,"date":"2023-08-01T10:44:26","date_gmt":"2023-08-01T10:44:26","guid":{"rendered":"https:\/\/stoerpegel.de\/?page_id=1371"},"modified":"2023-08-02T11:00:07","modified_gmt":"2023-08-02T11:00:07","slug":"gemeine-beamte-kunst","status":"publish","type":"page","link":"https:\/\/stoerpegel.de\/index.php\/gemeine-beamte-kunst\/","title":{"rendered":"gemeine Beamte,&#8230; Kunst?"},"content":{"rendered":"\n<p>Minister+Polizei<\/p>\n\n\n\n<figure class=\"wp-block-image size-full is-resized\"><img loading=\"lazy\" decoding=\"async\" src=\"https:\/\/stoerpegel.de\/wp-content\/uploads\/2023\/08\/img-AbdS8LOHjl2uYVMwIMx3JMiATag.png\" alt=\"\" class=\"wp-image-1365\" width=\"786\" height=\"786\" srcset=\"https:\/\/stoerpegel.de\/wp-content\/uploads\/2023\/08\/img-AbdS8LOHjl2uYVMwIMx3JMiATag.png 1024w, https:\/\/stoerpegel.de\/wp-content\/uploads\/2023\/08\/img-AbdS8LOHjl2uYVMwIMx3JMiATag-300x300.png 300w, https:\/\/stoerpegel.de\/wp-content\/uploads\/2023\/08\/img-AbdS8LOHjl2uYVMwIMx3JMiATag-150x150.png 150w, https:\/\/stoerpegel.de\/wp-content\/uploads\/2023\/08\/img-AbdS8LOHjl2uYVMwIMx3JMiATag-768x768.png 768w\" sizes=\"auto, (max-width: 786px) 100vw, 786px\" \/><\/figure>\n\n\n\n<p> <\/p>\n\n\n\n<p>Strafverteidiger+Polizei<\/p>\n\n\n\n<figure class=\"wp-block-image size-full\"><img loading=\"lazy\" decoding=\"async\" width=\"512\" height=\"512\" src=\"https:\/\/stoerpegel.de\/wp-content\/uploads\/2023\/08\/bdmSYjvYTag.png\" alt=\"\" class=\"wp-image-1363\" srcset=\"https:\/\/stoerpegel.de\/wp-content\/uploads\/2023\/08\/bdmSYjvYTag.png 512w, https:\/\/stoerpegel.de\/wp-content\/uploads\/2023\/08\/bdmSYjvYTag-300x300.png 300w, https:\/\/stoerpegel.de\/wp-content\/uploads\/2023\/08\/bdmSYjvYTag-150x150.png 150w\" sizes=\"auto, (max-width: 512px) 100vw, 512px\" \/><\/figure>\n\n\n\n<p>Anwalt, ver\u00e4chtlich bestechlich, fehlt noch ein Geldb\u00fcndel auf dem Fenstersims&#8230;<\/p>\n\n\n\n<figure class=\"wp-block-image size-full\"><img loading=\"lazy\" decoding=\"async\" width=\"512\" height=\"512\" src=\"https:\/\/stoerpegel.de\/wp-content\/uploads\/2023\/08\/qqhkYXYsTag.png\" alt=\"\" class=\"wp-image-1368\" srcset=\"https:\/\/stoerpegel.de\/wp-content\/uploads\/2023\/08\/qqhkYXYsTag.png 512w, https:\/\/stoerpegel.de\/wp-content\/uploads\/2023\/08\/qqhkYXYsTag-300x300.png 300w, https:\/\/stoerpegel.de\/wp-content\/uploads\/2023\/08\/qqhkYXYsTag-150x150.png 150w\" sizes=\"auto, (max-width: 512px) 100vw, 512px\" \/><\/figure>\n\n\n\n<p>Selbstbetrachtung, ausgelagerter Verstand<\/p>\n\n\n\n<figure class=\"wp-block-image size-full\"><img loading=\"lazy\" decoding=\"async\" width=\"512\" height=\"512\" src=\"https:\/\/stoerpegel.de\/wp-content\/uploads\/2023\/08\/rgtkhEwuTag.png\" alt=\"\" class=\"wp-image-1369\" srcset=\"https:\/\/stoerpegel.de\/wp-content\/uploads\/2023\/08\/rgtkhEwuTag.png 512w, https:\/\/stoerpegel.de\/wp-content\/uploads\/2023\/08\/rgtkhEwuTag-300x300.png 300w, https:\/\/stoerpegel.de\/wp-content\/uploads\/2023\/08\/rgtkhEwuTag-150x150.png 150w\" sizes=\"auto, (max-width: 512px) 100vw, 512px\" \/><\/figure>\n\n\n\n<p> <\/p>\n\n\n\n<p>Oberamtsanw\u00e4ltin<\/p>\n\n\n\n<figure class=\"wp-block-gallery has-nested-images columns-default is-cropped wp-block-gallery-1 is-layout-flex wp-block-gallery-is-layout-flex\">\n<figure class=\"wp-block-image size-large\"><img loading=\"lazy\" decoding=\"async\" width=\"512\" height=\"512\" data-id=\"1364\" src=\"https:\/\/stoerpegel.de\/wp-content\/uploads\/2023\/08\/hIpLVBMMTag.png\" alt=\"\" class=\"wp-image-1364\" srcset=\"https:\/\/stoerpegel.de\/wp-content\/uploads\/2023\/08\/hIpLVBMMTag.png 512w, https:\/\/stoerpegel.de\/wp-content\/uploads\/2023\/08\/hIpLVBMMTag-300x300.png 300w, https:\/\/stoerpegel.de\/wp-content\/uploads\/2023\/08\/hIpLVBMMTag-150x150.png 150w\" sizes=\"auto, (max-width: 512px) 100vw, 512px\" \/><\/figure>\n\n\n\n<figure class=\"wp-block-image size-large\"><img loading=\"lazy\" decoding=\"async\" width=\"512\" height=\"512\" data-id=\"1367\" src=\"https:\/\/stoerpegel.de\/wp-content\/uploads\/2023\/08\/jCrEXepaTag.png\" alt=\"\" class=\"wp-image-1367\" srcset=\"https:\/\/stoerpegel.de\/wp-content\/uploads\/2023\/08\/jCrEXepaTag.png 512w, https:\/\/stoerpegel.de\/wp-content\/uploads\/2023\/08\/jCrEXepaTag-300x300.png 300w, https:\/\/stoerpegel.de\/wp-content\/uploads\/2023\/08\/jCrEXepaTag-150x150.png 150w\" sizes=\"auto, (max-width: 512px) 100vw, 512px\" \/><\/figure>\n\n\n\n<figure class=\"wp-block-image size-large\"><img loading=\"lazy\" decoding=\"async\" width=\"512\" height=\"512\" data-id=\"1370\" src=\"https:\/\/stoerpegel.de\/wp-content\/uploads\/2023\/08\/SMGeKsbgTag.png\" alt=\"\" class=\"wp-image-1370\" srcset=\"https:\/\/stoerpegel.de\/wp-content\/uploads\/2023\/08\/SMGeKsbgTag.png 512w, https:\/\/stoerpegel.de\/wp-content\/uploads\/2023\/08\/SMGeKsbgTag-300x300.png 300w, https:\/\/stoerpegel.de\/wp-content\/uploads\/2023\/08\/SMGeKsbgTag-150x150.png 150w\" sizes=\"auto, (max-width: 512px) 100vw, 512px\" \/><\/figure>\n<\/figure>\n\n\n\n<p> <\/p>\n\n\n\n<p>PlasticPolice<\/p>\n\n\n\n<figure class=\"wp-block-image size-full\"><img loading=\"lazy\" decoding=\"async\" width=\"1024\" height=\"1024\" src=\"https:\/\/stoerpegel.de\/wp-content\/uploads\/2023\/08\/img-Lx1kpYE37T7lY45JT4B98CLwTag.png\" alt=\"\" class=\"wp-image-1372\" srcset=\"https:\/\/stoerpegel.de\/wp-content\/uploads\/2023\/08\/img-Lx1kpYE37T7lY45JT4B98CLwTag.png 1024w, https:\/\/stoerpegel.de\/wp-content\/uploads\/2023\/08\/img-Lx1kpYE37T7lY45JT4B98CLwTag-300x300.png 300w, https:\/\/stoerpegel.de\/wp-content\/uploads\/2023\/08\/img-Lx1kpYE37T7lY45JT4B98CLwTag-150x150.png 150w, https:\/\/stoerpegel.de\/wp-content\/uploads\/2023\/08\/img-Lx1kpYE37T7lY45JT4B98CLwTag-768x768.png 768w\" sizes=\"auto, (max-width: 1024px) 100vw, 1024px\" \/><\/figure>\n","protected":false},"excerpt":{"rendered":"<p>Minister+Polizei Strafverteidiger+Polizei Anwalt, ver\u00e4chtlich bestechlich, fehlt noch ein Geldb\u00fcndel auf dem Fenstersims&#8230; Selbstbetrachtung, ausgelagerter Verstand Oberamtsanw\u00e4ltin PlasticPolice<\/p>\n","protected":false},"author":3,"featured_media":0,"parent":0,"menu_order":0,"comment_status":"closed","ping_status":"closed","template":"","meta":{"footnotes":""},"class_list":["post-1371","page","type-page","status-publish","hentry","wpbf-post"],"_links":{"self":[{"href":"https:\/\/stoerpegel.de\/index.php\/wp-json\/wp\/v2\/pages\/1371","targetHints":{"allow":["GET"]}}],"collection":[{"href":"https:\/\/stoerpegel.de\/index.php\/wp-json\/wp\/v2\/pages"}],"about":[{"href":"https:\/\/stoerpegel.de\/index.php\/wp-json\/wp\/v2\/types\/page"}],"author":[{"embeddable":true,"href":"https:\/\/stoerpegel.de\/index.php\/wp-json\/wp\/v2\/users\/3"}],"replies":[{"embeddable":true,"href":"https:\/\/stoerpegel.de\/index.php\/wp-json\/wp\/v2\/comments?post=1371"}],"version-history":[{"count":3,"href":"https:\/\/stoerpegel.de\/index.php\/wp-json\/wp\/v2\/pages\/1371\/revisions"}],"predecessor-version":[{"id":1383,"href":"https:\/\/stoerpegel.de\/index.php\/wp-json\/wp\/v2\/pages\/1371\/revisions\/1383"}],"wp:attachment":[{"href":"https:\/\/stoerpegel.de\/index.php\/wp-json\/wp\/v2\/media?parent=1371"}],"curies":[{"name":"wp","href":"https:\/\/api.w.org\/{rel}","templated":true}]}}